382115153 a prime number?
False
Is 27984607 prime?
False
Is 114607027 a prime number?
False
Is 18717229 composite?
False
Is 237732481 a prime number?
False
Is 14151227 a composite number?
True
Is 4993661 prime?
True
Is 214313971 prime?
False
Is 468946 composite?
True
Is 8062217 prime?
False
Is 50469695 prime?
False
Is 97762211 a prime number?
True
Is 4767667 a composite number?
True
Is 1024379 a composite number?
False
Is 19492597 prime?
False
Is 101698067 composite?
True
Is 2141383 a composite number?
True
Is 139533703 a prime number?
False
Is 1539085 prime?
False
Is 195680657 a composite number?
True
Is 1100773 composite?
False
Is 126838211 a prime number?
False
Is 12154399 prime?
True
Is 6601697 a composite number?
True
Is 18173027 prime?
True
Is 16629297 composite?
True
Is 10260259 a prime number?
True
Is 1080197 composite?
True
Is 8611007 a prime number?
False
Is 4352707 a prime number?
True
Is 182831353 a prime number?
True
Is 8760833 prime?
True
Is 7439749 a composite number?
False
Is 85798603 a composite number?
True
Is 24921311 a prime number?
True
Is 177266933 a composite number?
False
Is 71928641 prime?
True
Is 142840127 a prime number?
True
Is 9439957 prime?
True
Is 331968439 a composite number?
True
Is 96755023 a prime number?
False
Is 2649281 composite?
False
Is 17417299 a composite number?
True
Is 26398579 a composite number?
False
Is 49777579 prime?
True
Is 46529281 a composite number?
False
Is 1756223 a prime number?
False
Is 1073711 composite?
False
Is 374112097 prime?
False
Is 130044829 composite?
True
Is 405990727 a composite number?
True
Is 1324733 prime?
True
Is 43830071 composite?
True
Is 241858403 a prime number?
True
Is 985937 a composite number?
False
Is 61168981 prime?
False
Is 49278293 a composite number?
False
Is 56826677 composite?
True
Is 2717333 a prime number?
False
Is 5068835 prime?
False
Is 129065327 a composite number?
False
Is 3516878 a composite number?
True
Is 581112433 prime?
False
Is 368281057 a prime number?
True
Is 48277 composite?
True
Is 1552723 composite?
False
Is 88878809 prime?
True
Is 16544327 a prime number?
True
Is 7409147 a prime number?
True
Is 114314689 a prime number?
True
Is 1367291 a prime number?
True
Is 7649717 a composite number?
True
Is 5803411 composite?
False
Is 3186739 a prime number?
True
Is 15081281 composite?
True
Is 105391805 a composite number?
True
Is 193910539 composite?
True
Is 33898343 a composite number?
True
Is 6739709 composite?
False
Is 57090521 a prime number?
True
Is 3043253 prime?
False
Is 338539 prime?
False
Is 8005747 a prime number?
False
Is 3077759 a composite number?
False
Is 455597 composite?
False
Is 18587447 composite?
True
Is 6057973 composite?
True
Is 832289 prime?
False
Is 117196429 prime?
False
Is 37427 a prime number?
False
Is 47006959 a prime number?
True
Is 274885297 a composite number?
False
Is 7316359 composite?
False
Is 26011159 composite?
False
Is 2035919 a composite number?
False
Is 24420845 a prime number?
False
Is 249176437 a composite number?
False
Is 26814959 a composite number?
False
Is 4227 a prime number?
False
Is 19070353 prime?
True
Is 24509533 composite?
False
Is 34330903 prime?
True
Is 666517 a prime number?
False
Is 241313 prime?
True
Is 244011707 a composite number?
True
Is 17620909 a composite number?
True
Is 3764921 a composite number?
True
Is 21327067 a prime number?
True
Is 49832297 composite?
False
Is 299582 prime?
False
Is 174619573 composite?
True
Is 4466461 composite?
True
Is 7080035 a composite number?
True
Is 504251 prime?
False
Is 1371179 composite?
False
Is 11431747 composite?
True
Is 101465929 a composite number?
False
Is 54006913 a composite number?
False
Is 46831261 a prime number?
False
Is 774201479 prime?
False
Is 6469441 a prime number?
False
Is 3601649 composite?
True
Is 3823007 a prime number?
True
Is 611227 prime?
False
Is 606761 composite?
True
Is 928713 composite?
True
Is 76225571 prime?
True
Is 563126285 composite?
True
Is 119354999 composite?
True
Is 179509 a composite number?
True
Is 291646051 prime?
True
Is 112205083 a composite number?
True
Is 19740671 prime?
False
Is 87294359 composite?
True
Is 55938931 a composite number?
True
Is 16374439 a composite number?
True
Is 49871149 a composite number?
True
Is 12895 prime?
False
Is 140413327 a prime number?
True
Is 1391947 a composite number?
True
Is 723747 a composite number?
True
Is 23367867 composite?
True
Is 4091767 prime?
True
Is 42245065 prime?
False
Is 909481 a composite number?
False
Is 4152713 a composite number?
True
Is 25702771 a prime number?
True
Is 37519189 a prime number?
False
Is 67479043 a prime number?
True
Is 17890087 a prime number?
True
Is 51464263 prime?
True
Is 428453 a composite number?
True
Is 1761751 a composite number?
False
Is 812081 composite?
False
Is 58315307 a prime number?
True
Is 3966251 a prime number?
False
Is 18401261 composite?
False
Is 95869 prime?
True
Is 35144513 a composite number?
False
Is 103772789 prime?
True
Is 2824061 a composite number?
True
Is 101418077 a composite number?
True
Is 20398187 prime?
False
Is 302005463 a prime number?
True
Is 6102281 prime?
False
Is 28311313 a prime number?
True
Is 267838 prime?
False
Is 5587333 prime?
False
Is 131410093 prime?
True
Is 104540053 composite?
False
Is 3948949 a composite number?
True
Is 4815803 a prime number?
False
Is 43838426 a prime number?
False
Is 4876957 composite?
False
Is 254489 prime?
True
Is 371805857 a composite number?
False
Is 181859021 composite?
True
Is 22506931 composite?
True
Is 1130999 a composite number?
True
Is 118484705 a prime number?
False
Is 79308343 composite?
True
Is 1181841 composite?
True
Is 762761 a prime number?
True
Is 43876321 a composite number?
True
Is 27239 a prime number?
True
Is 4773449 a prime number?
True
Is 145247551 a composite number?
False
Is 9736403 composite?
True
Is 80374643 prime?
True
Is 355913671 prime?
True
Is 224461 a composite number?
False
Is 23889589 composite?
True
Is 14056487 a composite number?
True
Is 70975813 a prime number?
True
Is 44196871 prime?
True
Is 168043 a composite number?
False
Is 103442894 a prime number?
False
Is 24041077 a composite number?
True
Is 12336737 composite?
True
Is 76135489 prime?
False
Is 295994689 a prime number?
True
Is 8089201 prime?
False
Is 12756659 a prime number?
True
Is 3229339 a composite number?
True
Is 10850261 prime?
False
Is 137927 prime?
True
Is 81130519 a prime number?
True
Is 23348071 composite?
False
Is 160499 prime?
True
Is 41314339 a prime number?
False
Is 3540653 a prime number?
False
Is 189133871 prime?
True
Is 1784527 composite?
False
Is 2113169 composite?
True
Is 39407549 prime?
False
Is 349318741 a prime number?
False
Is 95932489 prime?
True
Is 918764287 composite?
True
Is 62677679 prime?
True
Is 80589155 composite?
True
Is 65590703 a prime number?
True
Is 50954107 a composite number?
False
Is 9907109 prime?
True
Is 16921183 a prime number?
True
Is 1725519 composite?
True
Is 382681 a composite number?
True
Is 15012521 prime?
True
Is 127065349 a prime number?
False
Is 3196241 prime?
False
Is 760787 prime?
False
Is 1691507 prime?
True
Is 2057467 prime?
False
Is 21343841 prime?
False
Is 1340326003 a prime number?
True
Is 748571 a prime number?
False
Is 1803019 a prime number?
False
Is 36365209 composite?
False
Is 5601527 prime?
True
Is 24523 composite?
True
Is 1200077 a prime number?
True
Is 680511943 prime?
True
Is 2527381 a prime number?
True
Is 65597 composite?
True
Is 94932337 composite?
False
Is 896317 a prime number?
False
Is 32713543 a prime number?
True
Is 10451939 a prime number?
True
Is 22688227 prime?
False
Is 61903939 prime?
True
Is 898793387 prime?
True
Is 82984757 a composite number?
True
Is 4810943 a prime number?
True
Is 5785847 a composite number?
True
Is 1146491 a prime number?
True
Is 2333003 prime?
False
Is 16675423 a prime number?
True
Is 5228237 a composite number?
True
Is 228367301 a composite number?
True
Is 331223077 a composite number?
True
Is 16796105 prime?
False
Is 217427293 a prime number?
False
Is 190766211 a composite number?
True
Is 11588429 prime?
False
Is 3947219 a prime number?
False
Is 10176731 composite?
False
Is 71513503 composite?
False
Is 138005377 prime?
False
Is 125809379 a prime number?
False
Is 418073155 a prime numb